{"id":9,"date":"2017-06-06T21:32:17","date_gmt":"2017-06-06T21:32:17","guid":{"rendered":"http:\/\/digibim.ee\/?page_id=9"},"modified":"2018-08-20T13:31:47","modified_gmt":"2018-08-20T13:31:47","slug":"kontakt","status":"publish","type":"page","link":"https:\/\/digibim.ee\/index.php\/kontakt\/","title":{"rendered":"Kontakt"},"content":{"rendered":"<p>Minuga v\u00f5ib kontakti v\u00f5tta e-maili teel. P\u00fc\u00fcan teile vastata esimesel v\u00f5imalusel.<\/p>\n","protected":false},"excerpt":{"rendered":"<p>Minuga v\u00f5ib kontakti v\u00f5tta e-maili teel. P\u00fc\u00fcan teile vastata esimesel v\u00f5imalusel.<\/p>\n","protected":false},"author":1,"featured_media":53,"parent":0,"menu_order":0,"comment_status":"closed","ping_status":"closed","template":"","meta":{"footnotes":""},"class_list":["post-9","page","type-page","status-publish","has-post-thumbnail","hentry"],"_links":{"self":[{"href":"https:\/\/digibim.ee\/index.php\/wp-json\/wp\/v2\/pages\/9","targetHints":{"allow":["GET"]}}],"collection":[{"href":"https:\/\/digibim.ee\/index.php\/wp-json\/wp\/v2\/pages"}],"about":[{"href":"https:\/\/digibim.ee\/index.php\/wp-json\/wp\/v2\/types\/page"}],"author":[{"embeddable":true,"href":"https:\/\/digibim.ee\/index.php\/wp-json\/wp\/v2\/users\/1"}],"replies":[{"embeddable":true,"href":"https:\/\/digibim.ee\/index.php\/wp-json\/wp\/v2\/comments?post=9"}],"version-history":[{"count":2,"href":"https:\/\/digibim.ee\/index.php\/wp-json\/wp\/v2\/pages\/9\/revisions"}],"predecessor-version":[{"id":41,"href":"https:\/\/digibim.ee\/index.php\/wp-json\/wp\/v2\/pages\/9\/revisions\/41"}],"wp:featuredmedia":[{"embeddable":true,"href":"https:\/\/digibim.ee\/index.php\/wp-json\/wp\/v2\/media\/53"}],"wp:attachment":[{"href":"https:\/\/digibim.ee\/index.php\/wp-json\/wp\/v2\/media?parent=9"}],"curies":[{"name":"wp","href":"https:\/\/api.w.org\/{rel}","templated":true}]}}